58 - 51) + 16 - 11?
12
Calculate 48 - (7 + -24 + 2 + 4 - -15).
44
What is 27 + -736 + 788 + -24 + -2?
53
What is the value of 57 - -19 - 93 - 78?
-95
What is the value of (22 - (46 + -70)) + -31 - (-2 - 69)?
86
Calculate (-28 - -84) + -48 - 82.
-74
What is -33 + 15 + 59 + 18 + 0?
59
Calculate -44 + 47 + 1 - (3 + (4 - 3)).
0
What is (1 + -63 - -37) + (2 - (8 - 6))?
-25
What is (13 - ((-11 - -19) + 7 + -65)) + -16?
47
Calculate 2801 - 2820 - (-1 - 8).
-10
Evaluate (20 - (-19 + 14)) + -23 - -9.
11
What is the value of 36 + -92 + 22 - -46 - -45?
57
What is the value of 1865 - 1851 - (-20 + 0 + 2)?
32
Evaluate -23 + 1 - (1373 - 1360).
-35
What is the value of -1497 + 1472 + -5 + 7 + 31?
8
What is the value of -849 + 860 + (17 - (6 + -3))?
25
What is the value of 89 + -78 + -28 + -12?
-29
What is the value of 49 + -18 - (-36 - -14)?
53
11 + 62 + (-32 - 17) + 81
105
61 + (-153 + 70 - 66)
-88
Calculate (-12 - 15) + 11 + (-3 - (3 - -3)).
-25
What is 0 - 103 - ((85 - 80) + 7 + 15 + -23)?
-107
What is the value of -2 + -3 + -1 + (-89 - -17) + -30?
-108
253 - (-110 - -372) - (1 + -70)
60
What is 2 - ((9 - 0) + -14 + -4) - 55?
-44
Calculate (402 - 483) + -4 + 47.
-38
Calculate -421 + 394 - (-82 - -4).
51
Calculate (1 - 1) + -49 + 0 + -999 + (-960 - -1946).
-62
Evaluate -73 + (-27 - -62) + 65.
27
Evaluate (-2 - -102) + 4 + (193 - 80 - 101).
116
Evaluate 90 - (15 - -39) - 12.
24
Evaluate -74 + -33 + 102 + -16.
-21
3 - (-2 - -13) - (-19 + -3 + 26 + -14)
2
50 + 7 + -27 + (-2 - -31) + (-7 - 0)
52
43 - (58 + (16 - -28)) - -1
-58
Evaluate 1993 + -2117 - ((1 - 1) + -35).
-89
Evaluate 50 + -28 + (-8 - (-1 + (-1 - 20))).
36
What is the value of 9 + (-110 - -64) + (0 + 1 - 3)?
-39
Evaluate (-6 + 25 - 8) + -11 + -24.
-24
Calculate (195 - (267 + -83)) + 21 + (0 - -1).
33
Calculate (11 - -21) + -10 + 8 + 15.
45
4 + (11 + 4 - 6) - (-68 + (-12 - -7))
86
Evaluate -6 + 9 + (27 - -15).
45
What is -38 - -27 - (3 - 16)?
2
What is the value of -53 - -39 - (3 - (-90 - (1 - 7)))?
-101
What is 53 + (96 - 62 - 72)?
15
What is the value of (4 - (14 + -24 - -5)) + 1 - 54?
-44
Evaluate (7 - -1) + (-676 - -705) + 22.
59
Evaluate 8 - 18 - (-81 - (-5 - -11)) - -6.
83
What is the value of 10 + (-7 - -2 - 33 - (42 - 29))?
-41
Calculate 1 + -27 - (-6942 - -6922).
-6
What is 5 + (-23 - 10) + 15 + 5?
-8
What is the value of -9 + 25 + -17 - (28 + -60)?
31
Evaluate 30 + 29 + -6 + -11 + (2 - 15).
29
-96 - (16 - (62 + -28 + -19) - (2 - 8))
-103
What is 1 + (-826 - -848) + (-7 - 1)?
15
What is the value of (2 - 9) + (19 - -21 - 26)?
7
Evaluate (-113 - -64) + 52 + 2 + -1 + 49.
53
Calculate 4 - 80 - -1 - ((-17 - 1) + 22).
-79
Calculate 0 + 15 - (-33 + (-22 - -19) + 15 + -36).
72
Calculate 1645 + -1665 + (-1 - 46).
-67
-32 + (-28 + 13 - 14 - 11)
-72
Calculate -11 + -16 + (-3 + 2 + 7 - (-225 + 226)).
-22
(-101 - -149) + 22 - 107
-37
Evaluate (0 - 126) + 115 - -48.
37
Calculate 80 + (-6 - (13 + -20 + (1 - 11)) - 10).
81
What is the value of -83 - (3 + -25 + 7 + 25)?
-93
What is the value of -1 - 0 - 0 - (-16 + 59 + -61)?
17
(41 - 16 - 71) + -5 + -7
-58
Calculate -2 + -13 + 18 + -2 + -20.
-19
Evaluate 5 + -7 - (-1 - (-8 - 15 - 58)).
-82
Calculate 3 - -4 - (68 - -14 - 139).
64
What is the value of 32 + (123 - 115 - -44)?
84
Calculate (-8 - (-35 - -55)) + 47 - -56.
75
What is (20 - -1) + -70 + 67 + -28?
-10
-82 - -100 - (-10 + 15)
13
What is -70 - -2 - (-89 + 36)?
-15
Calculate -49 + (-11 - -73) - (-3 - (-1 + -1)).
14
Evaluate 61 - (-13 + (47 - 21)).
48
0 + 2 + -1 - (-2799 + 2847)
-47
(17 + -26 - (7 + -41) - 8) + 4
21
Calculate 5 - (70 + (-7 - (16 + -38 + 13))).
-67
What is 2 - ((108 - 0) + (58 - -30) + -81)?
-113
Calculate 36 - ((-54 - -33) + 93).
-36
-69 + 38 + -2 - -10
-23
What is -53 - -67 - 28 - 9?
-23
What is the value of 5 + -77 + 178 + -42?
64
What is the value of -14 - ((-6 - (13 - 31) - 0) + -4 + -7)?
-15
-3 + -4 + (34 + (-2 - 6) - 13) - -114
120
Evaluate 108 - (-85 + 110 + -7).
90
Evaluate 705 + -728 + (14 - 1) + -50 - (1 + -6).
-55
What is the value of -40 + (90 - (49 - 31))?
32
What is the value of (81 - 20 - 121) + 103?
43
What is the value of 172 + -165 - (-2 - (-4 + 5 - -1))?
11
Evaluate 72 + (-2 - 1 - (-25 + 23) - -2).
73
What is -1 + -13 + (2 - 2) + 6 - -146 - 10?
128
Calculate -6 + 4 + (-8 - -1) + 18 - (23 - -10).
-24
What is (0 - (-4 + -6)) + (-11 - 22 - 11)?
-34
What is -31 + (-21 - -41) - (-7 + -2 + 7)?
-9
What is 6 - 5 - 22 - (607 - 678)?
50
Evaluate (-14 - -16) + 21 + 4 + -96.
-69
-94 + ((-10 - -1) + -116 + 127 - (-2 - 6))
-84
What is (-2 + 20 + 16 - 12) + 25?
47
Evaluate 18 + -27 + (-11 - -45) + -80.
-55
Calculate (76 - (71 - -95)) + (30 - 2).
-62
What is the value of -59 - 22 - -43 - -2?
-36
Evaluate (6 + 17 + -20 - 16) + -5 + 6 + -89.
-101
-77 - (5 - ((-14 - -10) + 11 - -2) - 8)
-65
What is -56 + (79 - 29) + (-32 - -5)?
-33
Calculate (-15 + -8 - 4) + -3 + 12 + -10.
-28
Evaluate 20 + 29 + -54 - (-11 + (5 - -3)).
-2
What is -5 + (-8 - -18) + -1 + -11 + 20 + 39?
52
What is the value of 71 + 6 + (-52 - -119)?
144
Calculate 39 - (-25 + (19 - -3) - (2 + -9 + 2)).
37
Evaluate (-33 - -9 - -31) + (9 - -11).
27
-23 + (105 - 19) + -1 - 18
44
1 - 11 - (-52 + (32 - 45))
55
Evaluate (-12 - (-737 + 743 + (1 - -48 - 0))) + -4.
-71
(-16 - (28 - 32)) + 32 - (-1 + 108)
-87
Evaluate -55 + 147 + -51 + -22.
19
Calculate -25 + (20 + -67 - -29) + -33.
-76
Evaluate 22 - (7 + -1 + 147 + -156 + -9).
34
Calculate 7 + (17 + -28 + -8 - 2).
-14
Calculate (102 - 3) + (11 - -12 - (26 + 2)).
94
Calculate 1 - (-12 + 29) - (40 + -35).
-21
(-6 + 5 + -3 - 1) + (18 - 10) + 9
12
-8 + (11 - (-6 - -30)) - (-5 + 12) - -5
-23
Evaluate 0 - 10 - (-3 - (-20 - (-19 + 5)) - -24).
-37
Evaluate -55 - -27 - (-7 - -24).
-45
What is 11 + (-1 - 51 - ((24 - 8) + -19) - 2)?
-40
Calculate (221 - 68) + -235 + -3.
-85
What is 222 - 122 - -126 - 131?
95
What is -110 - (-103 + -19) - 24?
-12
Calculate (86 - 43 - 88) + (0 - 22).
-67
What is the value of 1496 + -1478 + (2 - 1 - 100)?
-81
Evaluate -58 + 16 + 21 + -17.
-38
Calculate -31 - (40 - 58) - (1 - 34).
20
Calculate 1559 - 1596 - (-1 + 2 - -74).
-112
What is the value of (-185 - -163) + (2 - 2 - 19)?
-41
67 - (-4 - 0 - (-24 - (2 + -18 + 6)))
57
What is (10 - -6) + (2 - -4) - 114 - (-5 + -1)?
-86
Calculate -651 - -638 - (1 + -9 + 6 + -103 + 3).
89
Evaluate -99 + 42 + (68 - 17).
-6
What is 111 - (-10 + 7 + 9) - (-133 + 122)?
116
Calculate 19 + -84 + -15 - (2 - -23).
-105
Evaluate (-26 - -88) + -59 - (2 + -5).
6
What is 13 - (-13 - (-32 + 11 + -13))?
-8
What is (-2 - (1 - 0)) + (-112 - -121) + -41?
-35
(-21 - (4 + -9)) + -9 + 79
54
What is 4 + (65 - 28) + (-18 - 8)?
15
((20 - 18) + 19 - 18) + 1 + -50
-46
Evaluate 83 - -1 - (61 - 48 - 4) - 4.
71
Evaluate 40 - (-27 - -6 - (-118 + 125)).
68
Calculate 23 - 27 - ((59 - 3) + 18 - (0 - 2)).
-80
(3 - -12) + 12 + (-12 - (-8 - -11)) + 7
19
Calculate (0 - 15) + (54 - -62) + -34.
67
Calculate 48 + -33 + -100 - -11.
-74
What is the value of 8 - ((81 + -81 + -1 + 7 - 3) + 57)?
-52
3 + -3 + 20 + -31 - (101 - 8)
-104
What is the value of -55 - (38 - (112 - -15))?
34
What is -125 - (13 + (-41 - (-23 + 5)) + 12)?
-127
Calculate (5 - (1 - -1)) + -784 + 788 + 50.
57
-54 + (4 + 0 - -61)
11
Calculate (-36 - -18) + (12 - -1 - -1) - (2 - -45).
-51
-1048 + 1008 + (15 - (-5 + 0 + 10))
-30
What is -5 - -71 - (13 - -98)?
-45
Calculate -35 + 42 + -25 + (-3 - -1) + 9.
-11
-67 + 8 - (-25 - 24)
-10
Evaluate (24 - 5) + -66 + 11.
-36
Evaluate 6 + -11 + 422 + -483.
-66
What is the value of 11 + (-23 - ((-15 - (12 - 9)) + 7))?
-1
Calculate -95 + -39 + (319 - 97).
88
What is (10 - 9 - (1 + 5)) + -53 - -5?
-53
Calculate 206 + -206 - (-11 - (-8 - 19)).
-16
(48 - 94 - -49) + 23
26
What is the value of (-4 - -60) + 17 + -54 + 35?
54
-476 + 512 + -93 + -21
-78
Evaluate 12 + 53 + -88 - 8.
-31
What is 93 - (-11 + 14 + -7) - 5?
92
Calculate 6 + (-3 + 1 - (-15 + 20 + -9)) + -20.
-12
What is the value of 12 - 76 - -56 - ((32 - 12) + (-2 - 1))?
-25
Evaluate 6 + (2 + (-4 - -3) - 0) + -98 + 101.
10
What is (39 - -61 - 4) + -157?
-61
What is -6 + -2 + 11 + -25 + 16 - 5?
-11
(35 - 62) + 184 + -182 + 1 + -16
-40
What is the value of -182 + 201 - (-2 - (-4 - 0))?
17
What is the value of (-2194 - -2106) + (-1 - -1)?
-88
7 - (72 - (-7 + 56))
-16
What is the value of 24 + ((-12 - -5) + -18 